{"id":213,"date":"2020-08-07T07:05:40","date_gmt":"2020-08-07T07:05:40","guid":{"rendered":"http:\/\/meritxellmargarit.cat\/?page_id=213"},"modified":"2026-04-02T11:18:14","modified_gmt":"2026-04-02T11:18:14","slug":"que-faig","status":"publish","type":"page","link":"http:\/\/meritxellmargarit.cat\/index.php\/que-faig\/","title":{"rendered":"QU\u00c8 FAIG?"},"content":{"rendered":"\n<p>Soc <strong>periodista<\/strong> i <strong>escriptora<\/strong> (per dir alguna cosa que resumeixi d&#8217;una manera entenedora el que faig).\u00a0<br><br>El cas \u00e9s que he escrit <strong>novel\u00b7les<\/strong>, <strong>contes<\/strong>, <strong>guions de c\u00f2mic<\/strong>, <strong>poesia<\/strong>, alguna <strong>obra de teatre<\/strong> i tota classe de <strong>textos divulgatius<\/strong> (guies, biografies, narracions hist\u00f2riques, llibres d\u2019empresa\u2026). El gruix de la meva obra es dirigeix a <strong>infants i joves<\/strong>, per\u00f2 tamb\u00e9 escric per a adults.\u00a0En catal\u00e0 i en castell\u00e0.<br><br>He publicat <strong>reportatges i articles<\/strong> (amb freq\u00fc\u00e8ncia sobre <strong>natura<\/strong> i <strong>viatges<\/strong>) en diferents <strong>diaris i revistes<\/strong>:\u00a0<em>Avui<\/em>, <em><a href=\"https:\/\/www.ara.cat\/societat\/viatge-Omar_0_2064393564.html\" data-type=\"URL\" data-id=\"https:\/\/www.ara.cat\/societat\/viatge-Omar_0_2064393564.html\" target=\"_blank\" rel=\"noreferrer noopener\">Ara<\/a><\/em>, <a href=\"https:\/\/www.lavanguardia.com\/magazine\/experiencias\/20200614\/481669110947\/parques-nacionales-guia-ordesa-picos-europa-aiguestortes-joyas-naturaleza.html\" data-type=\"URL\" data-id=\"https:\/\/www.lavanguardia.com\/magazine\/experiencias\/20200614\/481669110947\/parques-nacionales-guia-ordesa-picos-europa-aiguestortes-joyas-naturaleza.html\" target=\"_blank\" rel=\"noreferrer noopener\"><em>El Magazine<\/em> de <em>La Vanguardia<\/em><\/a>, <em>Alta\u00efr<\/em>, <em><a href=\"https:\/\/www.descobrir.cat\/ca\/notices\/2011\/10\/histories-de-montsant.-tocar-el-cel-al-priorat-776.php\" data-type=\"URL\" data-id=\"https:\/\/www.descobrir.cat\/ca\/notices\/2011\/10\/histories-de-montsant.-tocar-el-cel-al-priorat-776.php\" target=\"_blank\" rel=\"noreferrer noopener\">Descobrir Catalunya<\/a><\/em>,\u00a0<em>Geo<\/em>,\u00a0<em>Rutas del Mundo<\/em>, <em>Mi familia y yo<\/em>, <em>Viure en fam\u00edlia<\/em>, <em><a href=\"https:\/\/cavallfort.cat\/la-maternitat-delna-una-illa-de-pau\/\" data-type=\"URL\" data-id=\"https:\/\/cavallfort.cat\/la-maternitat-delna-una-illa-de-pau\/\" target=\"_blank\" rel=\"noreferrer noopener\">Cavall Fort<\/a><\/em>, <em>Tretzevents<\/em>, <em>La Revista dels S\u00fapers..<\/em>.\u00a0I tamb\u00e9 hi va haver un temps en qu\u00e8 vaig fer de <strong>corresponsal<\/strong> per a Catalunya R\u00e0dio des d&#8217;Austr\u00e0lia.<\/p>\n\n\n\n<p>L&#8217;any 1992 i l&#8217;any 1994 vaig ser <strong>finalista del Premi Cavall Fort<\/strong> amb un recull de reportatges sobre l&#8217;\u00c0frica subsahariana i sobre Austr\u00e0lia.<br><br>Des de fa m\u00e9s de vint-i-cinc anys, treballo com a <strong>creativa i autora de projectes educatius<\/strong> per a prim\u00e0ria i secund\u00e0ria i per a un p\u00fablic familiar.&nbsp;Els meus temes estrella s\u00f3n <strong>la natura i la consci\u00e8ncia mediambiental en relaci\u00f3 amb la inf\u00e0ncia i l&#8217;educaci\u00f3<\/strong>. Al llarg dels anys, tamb\u00e9 m&#8217;he especialitzat en <strong>literatura infantil i juvenil<\/strong> (LIJ), i he <strong>assessorat algunes editorials<\/strong> i empreses de m\u00e0rqueting educatiu a l&#8217;hora de desenvolupar els seus productes. La vida i alguns projectes propis m&#8217;han dut a fer d&#8217;<strong>editora<\/strong> ocasionalment.<\/p>\n\n\n\n<p>Sovint faig <strong>xerrades<\/strong> sobre la meva feina, ofereixo sessions<strong> de contacontes<\/strong> i desenvolupo tota mena de <strong>din\u00e0miques per promoure la lectura i la LIJ<\/strong> (per exemple, clubs de lectura) en centres educatius i altres espais culturals. Tamb\u00e9 imparteixo <strong>tallers d&#8217;escriptura creativa<\/strong> per a joves i adults.<br><br>L&#8217;any 2016 vaig debutar com a <strong>guionista audiovisual <\/strong>amb la pel\u00b7l\u00edcula documental d&#8217;Andoni Canela&nbsp;<em><a href=\"http:\/\/www.elviajedeunai.com\/ca\/\" target=\"_blank\" rel=\"noreferrer noopener\">El viatge de l&#8217;Unai.<\/a><\/em> Aix\u00f2 em va dur a participar en altres <strong>projectes audiovisuals<\/strong>, com la s\u00e8rie per a televisi\u00f3 <em><a href=\"https:\/\/www.cuatro.com\/espiritusalvaje\/a-la-carta\/2335\/videos.html\" data-type=\"URL\" data-id=\"https:\/\/www.cuatro.com\/espiritusalvaje\/a-la-carta\/2335\/videos.html\" target=\"_blank\" rel=\"noreferrer noopener\">Esp\u00edritu Salvaje<\/a><\/em> (Cuatro, 2017), el film <em><a href=\"https:\/\/www.panteras.org\/\" data-type=\"URL\" data-id=\"https:\/\/www.panteras.org\/\" target=\"_blank\" rel=\"noreferrer noopener\">Panteras<\/a><\/em> (Andoni Canela, 2019) i la seva posterior adaptaci\u00f3 televisiva (<a href=\"https:\/\/www.rtve.es\/play\/videos\/panteras\/\"><em>Panteras. La s\u00e8rie<\/em>, TVE<\/a>). <br><br>M\u00e9s informaci\u00f3 (o explicada d&#8217;una altra manera)&nbsp;<a href=\"https:\/\/ca.wikipedia.org\/wiki\/Meritxell_Margarit_i_Torras\" target=\"_blank\" rel=\"noreferrer noopener\">aqu\u00ed.<\/a><\/p>\n","protected":false},"excerpt":{"rendered":"<p>Soc periodista i escriptora (per dir alguna cosa que resumeixi d&#8217;una manera entenedora el que faig).\u00a0 El cas \u00e9s que<\/p>\n","protected":false},"author":1,"featured_media":675,"parent":0,"menu_order":0,"comment_status":"closed","ping_status":"closed","template":"","meta":{"footnotes":""},"class_list":["post-213","page","type-page","status-publish","has-post-thumbnail","hentry","comments-off"],"_links":{"self":[{"href":"http:\/\/meritxellmargarit.cat\/index.php\/wp-json\/wp\/v2\/pages\/213","targetHints":{"allow":["GET"]}}],"collection":[{"href":"http:\/\/meritxellmargarit.cat\/index.php\/wp-json\/wp\/v2\/pages"}],"about":[{"href":"http:\/\/meritxellmargarit.cat\/index.php\/wp-json\/wp\/v2\/types\/page"}],"author":[{"embeddable":true,"href":"http:\/\/meritxellmargarit.cat\/index.php\/wp-json\/wp\/v2\/users\/1"}],"replies":[{"embeddable":true,"href":"http:\/\/meritxellmargarit.cat\/index.php\/wp-json\/wp\/v2\/comments?post=213"}],"version-history":[{"count":23,"href":"http:\/\/meritxellmargarit.cat\/index.php\/wp-json\/wp\/v2\/pages\/213\/revisions"}],"predecessor-version":[{"id":749,"href":"http:\/\/meritxellmargarit.cat\/index.php\/wp-json\/wp\/v2\/pages\/213\/revisions\/749"}],"wp:featuredmedia":[{"embeddable":true,"href":"http:\/\/meritxellmargarit.cat\/index.php\/wp-json\/wp\/v2\/media\/675"}],"wp:attachment":[{"href":"http:\/\/meritxellmargarit.cat\/index.php\/wp-json\/wp\/v2\/media?parent=213"}],"curies":[{"name":"wp","href":"https:\/\/api.w.org\/{rel}","templated":true}]}}

QUÈ FAIG?

<p>Soc <strong>periodista</strong> i <strong>escriptora</strong> (per dir alguna cosa que resumeixi d&#8217;una manera entenedora el que faig). <br><br>El cas és que he escrit <strong>novel·les</strong>, <strong>contes</strong>, <strong>guions de còmic</strong>, <strong>poesia</strong>, alguna <strong>obra de teatre</strong> i tota classe de <strong>textos divulgatius</strong> (guies, biografies, narracions històriques, llibres d’empresa…). El gruix de la meva obra es dirigeix a <strong>infants i joves</strong>, però també escric per a adults. En català i en castellà.<br><br>He publicat <strong>reportatges i articles</strong> (amb freqüència sobre <strong>natura</strong> i <strong>viatges</strong>) en diferents <strong>diaris i revistes</strong>: <em>Avui</em>, <em><a href="https://www.ara.cat/societat/viatge-Omar_0_2064393564.html" data-type="URL" data-id="https://www.ara.cat/societat/viatge-Omar_0_2064393564.html" target="_blank" rel="noreferrer noopener">Ara</a></em>, <a href="https://www.lavanguardia.com/magazine/experiencias/20200614/481669110947/parques-nacionales-guia-ordesa-picos-europa-aiguestortes-joyas-naturaleza.html" data-type="URL" data-id="https://www.lavanguardia.com/magazine/experiencias/20200614/481669110947/parques-nacionales-guia-ordesa-picos-europa-aiguestortes-joyas-naturaleza.html" target="_blank" rel="noreferrer noopener"><em>El Magazine</em> de <em>La Vanguardia</em></a>, <em>Altaïr</em>, <em><a href="https://www.descobrir.cat/ca/notices/2011/10/histories-de-montsant.-tocar-el-cel-al-priorat-776.php" data-type="URL" data-id="https://www.descobrir.cat/ca/notices/2011/10/histories-de-montsant.-tocar-el-cel-al-priorat-776.php" target="_blank" rel="noreferrer noopener">Descobrir Catalunya</a></em>, <em>Geo</em>, <em>Rutas del Mundo</em>, <em>Mi familia y yo</em>, <em>Viure en família</em>, <em><a href="https://cavallfort.cat/la-maternitat-delna-una-illa-de-pau/" data-type="URL" data-id="https://cavallfort.cat/la-maternitat-delna-una-illa-de-pau/" target="_blank" rel="noreferrer noopener">Cavall Fort</a></em>, <em>Tretzevents</em>, <em>La Revista dels Súpers..</em>. I també hi va haver un temps en què vaig fer de <strong>corresponsal</strong> per a Catalunya Ràdio des d&#8217;Austràlia.</p>



<p>L&#8217;any 1992 i l&#8217;any 1994 vaig ser <strong>finalista del Premi Cavall Fort</strong> amb un recull de reportatges sobre l&#8217;Àfrica subsahariana i sobre Austràlia.<br><br>Des de fa més de vint-i-cinc anys, treballo com a <strong>creativa i autora de projectes educatius</strong> per a primària i secundària i per a un públic familiar.&nbsp;Els meus temes estrella són <strong>la natura i la consciència mediambiental en relació amb la infància i l&#8217;educació</strong>. Al llarg dels anys, també m&#8217;he especialitzat en <strong>literatura infantil i juvenil</strong> (LIJ), i he <strong>assessorat algunes editorials</strong> i empreses de màrqueting educatiu a l&#8217;hora de desenvolupar els seus productes. La vida i alguns projectes propis m&#8217;han dut a fer d&#8217;<strong>editora</strong> ocasionalment.</p>



<p>Sovint faig <strong>xerrades</strong> sobre la meva feina, ofereixo sessions<strong> de contacontes</strong> i desenvolupo tota mena de <strong>dinàmiques per promoure la lectura i la LIJ</strong> (per exemple, clubs de lectura) en centres educatius i altres espais culturals. També imparteixo <strong>tallers d&#8217;escriptura creativa</strong> per a joves i adults.<br><br>L&#8217;any 2016 vaig debutar com a <strong>guionista audiovisual </strong>amb la pel·lícula documental d&#8217;Andoni Canela&nbsp;<em><a href="http://www.elviajedeunai.com/ca/" target="_blank" rel="noreferrer noopener">El viatge de l&#8217;Unai.</a></em> Això em va dur a participar en altres <strong>projectes audiovisuals</strong>, com la sèrie per a televisió <em><a href="https://www.cuatro.com/espiritusalvaje/a-la-carta/2335/videos.html" data-type="URL" data-id="https://www.cuatro.com/espiritusalvaje/a-la-carta/2335/videos.html" target="_blank" rel="noreferrer noopener">Espíritu Salvaje</a></em> (Cuatro, 2017), el film <em><a href="https://www.panteras.org/" data-type="URL" data-id="https://www.panteras.org/" target="_blank" rel="noreferrer noopener">Panteras</a></em> (Andoni Canela, 2019) i la seva posterior adaptació televisiva (<a href="https://www.rtve.es/play/videos/panteras/"><em>Panteras. La sèrie</em>, TVE</a>). <br><br>Més informació (o explicada d&#8217;una altra manera)&nbsp;<a href="https://ca.wikipedia.org/wiki/Meritxell_Margarit_i_Torras" target="_blank" rel="noreferrer noopener">aquí.</a></p>

<p>Soc periodista i escriptora (per dir alguna cosa que resumeixi d&#8217;una manera entenedora el que faig).  El cas és que</p>
